 90 = -5*q, -3*n + 114 = -q - p*q. What is the greatest common divisor of n and w?
20
Let k be 1*-3 - 42/(-2). Let l = k + -4. What is the greatest common factor of l and 42?
14
Suppose -m = -2*m + 3*j + 13, -2*m + 2*j = -6. Let r be (-12)/(-2 - 1/m). Calculate the greatest common divisor of r and 12.
4
Let q be (3/(-4))/((-4)/16). Suppose q*b + 2 = 14. Suppose 2*h = b + 2. What is the highest common factor of h and 21?
3
Let c(a) = -a**2 + 21*a - 39. Let g be c(9). Let t be 2*23*(2 + -1). What is the highest common factor of t and g?
23
Let c(g) = -63*g - 1. Let i be c(1). Let u = i - -181. What is the highest common factor of u and 13?
13
Let z(f) = f**2 - 10*f + 9. Let h be z(8). Let c(j) = -11*j. Let i be c(h). What is the highest common divisor of 11 and i?
11
Let r be (-3)/(-6) - 11/(-2). Suppose 84 = 2*n - 5*a, -2*n - 5*a = 3*n - 210. What is the greatest common divisor of r and n?
6
Let h(i) = i**3 + 40. Let m be h(0). Let u be ((-20)/2)/(26 - 27). What is the highest common factor of m and u?
10
Let w be (-2 + -1)/((-3)/2). Let b = 116 - 106. Calculate the highest common divisor of b and w.
2
Let s(a) = -3*a - 53. Let z be s(-21). What is the greatest common divisor of 240 and z?
10
Suppose -y - 25 = -6*y. Calculate the greatest common divisor of 45 and y.
5
Let s = 280 - 97. Let q = -106 + s. What is the greatest common divisor of 7 and q?
7
Let a(j) = 28*j**2 + 2*j - 4. Let v be a(2). What is the greatest common divisor of v and 14?
14
Let y be (6/4)/((-6)/32). Let s = 13 + y. Suppose 0*f - 3*f = 5*h - 414, 2*f - 301 = s*h. What is the greatest common divisor of 13 and f?
13
Let b be 2 + 23 - (1 - 3) - 4. What is the highest common divisor of 161 and b?
23
Suppose -2*x + m = -73, 3*x + 2*m - 136 = -37. What is the highest common factor of x and 5?
5
Let j be (-4)/(12/(-9)) + 132. Calculate the highest common factor of j and 54.
27
Suppose 12*d - 8*d - 52 = 0. Suppose -5*l - 2*h = -522, -36 + 551 = 5*l - 5*h. Calculate the highest common divisor of l and d.
13
Suppose 0 = 2*s + 5 - 1. Let l = 2 + s. Suppose 0 = -4*o - 5*j + 38 - 9, l = -4*o + 4*j + 56. Calculate the highest common factor of 11 and o.
11
Suppose -2*i + 2*s = -36, 2*i - 6*s - 42 = -2*s. Suppose -2*y + 621 = y. Suppose 153 + y = 3*d. What is the highest common divisor of d and i?
15
Let j = 25 + -23. Let b be 32 - (3 + -5 + j). What is the greatest common divisor of 4 and b?
4
Suppose -6*f = -2*f + 3*g - 101, -2*f - 2*g + 48 = 0. Calculate the highest common divisor of f and 232.
29
Suppose 12*w - 660 = 8*w. Calculate the highest common divisor of 15 and w.
15
Suppose 2*s - 12 = 2*n, -s + 10 = s - 3*n. What is the highest common factor of 8 and s?
8
Suppose -k = 3*k - 56. Suppose 0 = 2*i - 137 - 115. What is the highest common divisor of i and k?
14
Let j(s) = -s + 7. Let b be j(5). Let f be 0 + b + (-1 - 0). Let q be (-2 - -4) + 1 + f. What is the greatest common divisor of q and 16?
4
Let k(x) = 3*x**3 + 3*x**2 + 1. Let b be k(-3). Let o = 253 + b. What is the greatest common divisor of 25 and o?
25
Let z = 8 - 24. Let j be (z/(-20))/((-2)/(-5)). Suppose -n - 2*w = -49, j*n - w + 2*w - 92 = 0. Calculate the highest common divisor of n and 5.
5
Let r(d) = 2*d + 7. Let k be r(-6). Let y(w) = -w**3 - 2*w**2 - 2*w - 7. Let a be y(k). Suppose m - 4*m = -a. What is the greatest common factor of 39 and m?
13
Suppose 16 = 6*h - 14. What is the highest common factor of h and 2?
1
Let o be 0 + (7 - (1 + -1)). Let s(n) = n**3 + 5*n**2 + n - 9. Let z be s(-7). Let i = z + 170. Calculate the greatest common factor of o and i.
7
Suppose 0 = 5*s + 4*q - 113, -2*s + s = -4*q - 37. What is the greatest common divisor of 275 and s?
25
Let j(h) = h**2 + 12*h + 5. Let u be j(-12). Let k = 17 + u. Calculate the highest common divisor of 55 and k.
11
Let l(r) = -2*r - 12. Let t be l(-14). What is the greatest common divisor of 2 and t?
2
Suppose 2*v - 30 = 7*v. Let k(n) = -2*n + 6. Let z be k(v). Calculate the greatest common factor of z and 45.
9
Suppose 2*z = -0*z + 14. Suppose 27 = 4*n - 1. What is the greatest common divisor of z and n?
7
Suppose 0 = -3*i + 6*i. Suppose -5*m + 4*n + 53 = i, 2*m = -0*m - 4*n + 10. What is the greatest common factor of 18 and m?
9
Let q be 3/6*2 + 27. What is the highest common factor of q and 42?
14
Let b(f) = -2*f - 10. Let g be b(-9). Calculate the highest common factor of g and 12.
4
Let q = -38 + -6. Let x be (-1)/(-4) - q/16. Calculate the greatest common factor of 1 and x.
1
Let k be 1/(-1)*(-1 - 18). Let u(t) = -16*t + 24. Let d be u(-8). What is the greatest common factor of d and k?
19
Suppose q + 3 = 0, k + 4 = -0*k - 3*q. Suppose -s - 5*j + 30 = 0, s - 60 = -s - 4*j. What is the highest common divisor of k and s?
5
Let t be (-2)/(-9) + 4/(-18). Suppose -4*q + 6 = 3*p - 40, t = -2*q + p + 18. Let i = 133 - 53. What is the highest common divisor of i and q?
10
Let u(x) = 6*x. Let q be u(2). What is the greatest common divisor of 108 and q?
12
Suppose 26 + 26 = q - z, 4*z + 264 = 5*q. Suppose 3*l - 4*l + 4*p + 26 = 0, 3*l - 3*p = 42. Let c = l + -3. Calculate the greatest common divisor of q and c.
7
Let j be (12/5)/(2/20). What is the greatest common factor of 3 and j?
3
Suppose -b = -0 - 3. What is the greatest common factor of 6 and b?
3
Let v(s) = s**3 + 2*s**2 + 2. Let p be v(4). Calculate the highest common divisor of 14 and p.
14
Suppose -2*k + 23 = -0*h - 5*h, 22 = 3*k + 5*h. Let g be (-6)/((11/(-6))/11). Calculate the greatest common divisor of g and k.
9
Let o = 31 - 12. Let v = 9 + o. What is the highest common factor of v and 42?
14
Let f be 1/2 + 10/4. Suppose -15 - 48 = -f*t. What is the greatest common divisor of t and 3?
3
Let c = 14 + -1. What is the highest common divisor of 39 and c?
13
Let v = -4 + 12. Let c be -4*(1 + (-170)/v). Suppose k - 6 = 3. What is the greatest common factor of c and k?
9
Suppose 3 - 43 = -2*k. What is the highest common divisor of 4 and k?
4
Let q(v) = -v**3 + 2*v**2 + 2*v + 2. Let r be q(-2). Calculate the highest common factor of 35 and r.
7
Let g = -123 - -78. Let w be (-1 - g)/(5/10). What is the highest common factor of 11 and w?
11
Suppose 10*v - 5*v - 4*q - 160 = 0, -2*v - 3*q = -64. Suppose 5*d = -2*j - 3*j + 35, -3*d = j - 5. What is the highest common factor of v and j?
8
Let a be 12/54 + (-1506)/(-27). Calculate the highest common factor of 14 and a.
14
Let i = 7 - -6. Suppose -4*h = -5*d - 188, -12*h + 280 = -7*h + 5*d. Calculate the greatest common factor of h and i.
13
Let c = 36 - 25. Suppose 5*p - 2434 = 4*u + 111, 2*p = 3*u + 1025. Suppose -p = -5*v - 120. Calculate the greatest common factor of v and c.
11
Let v(x) be the third derivative of x**4/24 + 2*x**2. Suppose -4*u + 26 = 6. Let h be v(u). What is the greatest common divisor of h and 20?
5
Let r(i) = -12*i - 2. Let b be r(-3). What is the highest common divisor of b and 306?
34
Let k(i) = 3*i. Let h be k(1). Calculate the highest common factor of h and 24.
3
Suppose 15 = -0*p - 3*p. Let r(d) = -d**3 - 7*d**2 - 3*d + 5. Let f be r(p). Let t = 42 + f. Calculate the highest common divisor of t and 60.
12
Let a(o) = o + 6. Let q be a(-5). What is the greatest common factor of q and 5?
1
Suppose -k = 3 + 3. Suppose -4 = -3*p - 13. Let u = p - k. What is the highest common divisor of 3 and u?
3
Let y(c) = c**2 + 9*c + 9. Let u be y(-9). Let x be (30/u + -3)*99. Calculate the highest common divisor of 11 and x.
11
Let t = 5 - 3. Let j be 18/(-3)*t/(-2). Let g(p) = 23*p + 1. Let c be g(1). Calculate the greatest common divisor of j and c.
6
Let p(g) = -g**3 - 9*g**2 - 8*g + 2. Let h be p(-8). Let v be 1/h - (-28)/8. Suppose v*q = q + 42. Calculate the highest common factor of q and 112.
14
Let u = -121 - -58. Let c = 133 + u. Calculate the highest common factor of c and 10.
10
Let h be (1 + 6)*(-12)/(-14). Suppose -24 = -5*q - 2*y, -3*q - 5*y = -7*q + h. Suppose 12 = 4*j - q. What is the greatest common factor of 16 and j?
4
Let r(s) = 67*s**2 - s. Let y be r(1). Let f = 70 - 40. Let p = y - f. What is the greatest common factor of 12 and p?
12
Let j be (1 - (-2 - -3)) + 2. Suppose 0 = v - 2*c - 40, 2*v + j*c = -3*v + 152. Calculate the highest common factor of v and 80.
16
Let a = 80 - -224. Let w be (2/(-4))/((-4)/a). Calculat